b047
Convert -82561 (base 10) to base 11.
-57036
What is -2784034 (base 9) in base 5?
-343003120
-d9635 (base 15) to base 3
-1022001100212
What is 2227456 (base 8) in base 3?
1010120122200
-20158 (base 14) to base 2
-10010110100110010
What is -13440021 (base 5) in base 4?
-202023223
Convert 161662 (base 7) to base 6.
403354
What is -11001111011111100 (base 2) in base 10?
-106236
-1323022031 (base 4) to base 11
-315011
Convert -321202003 (base 4) to base 9.
-388224
What is 1174071 (base 9) in base 8?
2340645
-98b3 (base 15) to base 11
-22333
Convert -1927a5 (base 12) to base 15.
-8a5b5
-7867181 (base 11) to base 8
-64457124
What is 3312e (base 15) in base 4?
213213131
103161 (base 11) to base 8
502560
1202143042 (base 5) to base 12
b17b67
110442031 (base 5) to base 2
1110110001010110000
411922 (base 15) to base 6
150150005
What is 13d29 (base 16) in base 6?
1423521
Convert 97d2b (base 15) to base 8.
1655650
16145635 (base 7) to base 14
2c7a55
What is 23212111003 (base 4) in base 5?
1234244304
-47153412 (base 8) to base 10
-10278666
Convert -933820 (base 13) to base 12.
-1198021
Convert -352241 (base 6) to base 10.
-30337
-135252433 (base 7) to base 8
-41654470
What is 6a775 (base 11) in base 8?
307305
Convert 108871 (base 10) to base 14.
2b967
Convert 42b038 (base 13) to base 4.
11332130230
What is -193841 (base 16) in base 12?
-678595
What is -87767a (base 12) in base 11?
-1238521
What is -d35de (base 15) in base 8?
-2433620
Convert -28208 (base 9) to base 15.
-59ee
What is 1332124 (base 7) in base 13?
62176
Convert -201220302110 (base 4) to base 10.
-8817812
What is 335312111 (base 6) in base 9?
12483377
Convert 141a33 (base 14) to base 10.
696237
What is 1331203 (base 5) in base 10?
27053
10111110010001100011 (base 2) to base 14
16404b
509053 (base 10) to base 11
318506
Convert 15e093 (base 16) to base 5.
331334442
Convert -1a9963 (base 11) to base 16.
-4e456
Convert 4655356 (base 7) to base 4.
2032322002
5d644f (base 16) to base 5
3031324102
366634 (base 8) to base 15
27694
-24e470 (base 15) to base 4
-12300000201
What is -944548 (base 10) in base 16?
-e69a4
Convert -10455 (base 7) to base 5.
-41022
What is 165251 (base 9) in base 2?
11000111101111100
Convert 192451 (base 11) to base 13.
a497c
What is -3022303 (base 6) in base 5?
-14034403
What is 3b517 (base 13) in base 6?
2212323
What is -210231001 (base 4) in base 16?
-24b41
What is 111001101101010010001111 (base 2) in base 11?
85a2730
What is 5724b2 (base 15) in base 7?
50231363
Convert 12142141 (base 5) to base 6.
2245440
Convert 212233020311 (base 4) to base 15.
d58b4e
-91ebd (base 15) to base 13
-132589
Convert -326078 (base 12) to base 7.
-6533531
Convert -3162 (base 16) to base 7.
-51600
-2107ab (base 12) to base 9
-871605
What is 4344565 (base 7) in base 4?
2001330331
Convert -6216 (base 13) to base 14.
-4d11
What is -174409 (base 10) in base 2?
-101010100101001001
514844 (base 11) to base 12
33a190
1236617 (base 9) to base 3
1021020200121
What is -4301307 (base 8) in base 12?
-474147
What is -175803 (base 12) in base 8?
-1424503
Convert 210011102020200 (base 3) to base 6.
1041022200
What is -21e97d (base 15) in base 4?
-12023031100
-71172 (base 8) to base 16
-727a
Convert -10111010010101000111 (base 2) to base 14.
-15c1cb
What is 55452451 (base 6) in base 10?
1671151
310033402 (base 5) to base 12
5048a8
7a25a4 (base 12) to base 7
22414201
-200123123 (base 4) to base 11
-90882
Convert -20506400 (base 7) to base 6.
-101052515
Convert -4971b (base 15) to base 3.
-102220122022
-9407 (base 15) to base 9
-46817
What is 1eccc9 (base 15) in base 2?
101110001000001011010
35504450 (base 6) to base 9
2075673
Convert 2023583 (base 9) to base 13.
2b9c89
Convert -2421134130 (base 5) to base 9.
-11555066
What is 346820 (base 11) in base 15?
ad27d
Convert 3358287 (base 9) to base 12.
7337a4
Convert -10111111111101101110 (base 2) to base 13.
-216b77
-1110001000000111 (base 2) to base 10
-57863
What is -104207 (base 10) in base 14?
-29d95
What is -2398a3 (base 12) in base 9?
-1068066
5243204 (base 8) to base 13
39a846
What is 105587 (base 10) in base 7?
616556
Convert -16a98 (base 16) to base 8.
-265230
Convert -36703021 (base 8) to base 16.
-7b8611
20c60 (base 13) to base 5
3343403
Convert 222110120002 (base 3) to base 16.
7f2d1
40332511 (base 6) to base 8
4301273
6415 (base 9) to base 10
4712
-54444103 (base 6) to base 12
-663633
Convert 4494 (base 14) to base 11.
8a2a
Convert -3133113212 (base 4) to base 2.
-11011111010111100110
What is 626322 (base 9) in base 2?
1011010110101010101
What is -2213220 (base 4) in base 8?
-24750
What is 11222010010021 (base 3) in base 9?
4863107
-850a48 (base 12) to base 13
-584c4b
Convert -6db5b (base 14) to base 3.
-111122011221
d92c57 (base 14) to base 13
16a2499
Convert 10010011222021 (base 3) to base 2.
110010100100010100101
What is 1111110010110110000111 (base 2) in base 8?
17626607
Convert -93394b (base 14) to base 10.
-4965727
What is 1980169 (base 11) in base 3?
20021121100101
What is -2120102020 (base 4) in base 11?
-3966a8
What is -27a220b (base 13) in base 7?
-211420402
Convert -100302323 (base 4) to base 2.
-10000110010111011
7e6b3 (base 15) to base 7
3266226
Convert -23410322 (base 5) to base 10.
-216337
-106045455 (base 7) to base 8
-30564512
Convert 781001 (base 15) to base 4.
111311131201
What is -22203 (base 9) in base 10?
-14745
373543 (base 8) to base 2
11111011101100011
Convert -bbbd9 (base 15) to base 13.
-17b785
121012202110 (base 3) to base 13
b2341
Convert 19b349 (base 12) to base 9.
763063
-38c811 (base 14) to base 8
-7352757
Convert -231741 (base 11) to base 8.
-1317170
-302135 (base 6) to base 4
-11310023
What is -371756 (base 13) in base 9?
-2426838
Convert 1ed491 (base 15) to base 14.
2b5580
13872848 (base 9) to base 5
3231212021
Convert -192852 (base 10) to base 11.
-121990
What is 56c53c (base 15) in base 7?
50131461
What is -24105154 (base 6) in base 5?
-143133142
Convert -100010001100110000100 (base 2) to base 10.
-1120644
Convert -4780a9 (base 12) to base 11.
-719385
3524333 (base 6) to base 11
115079
-56241432 (base 7) to base 14
-909b89
Convert 1206248 (base 10) to base 7.
13152521
What is -11001221 (base 3) in base 9?
-4057
Convert db055 (base 16) to base 2.
11011011000001010101
3541100 (base 6) to base 14
4b232
Convert 1000422111 (base 5) to base 9.
3627378
What is 535132 (base 6) in base 11?
2aa93
What is -944060 (base 13) in base 12?
-11b108b
What is -238a311 (base 11) in base 7?
-50222535
What is 158825 (base 9) in base 12?
48b05
What is 7b932 (base 15) in base 11?
249773
110200021001 (base 3) to base 5
30441013
-262613 (base 7) to base 4
-23331302
-10101000111011 (base 2) to base 12
-630b
-101606044 (base 8) to base 12
-5934398
-5a573b (base 16) to base 12
-1b9630b
Convert -34101444 (base 5) to base 8.
-1112331
515b5 (base 16) to base 15
68b0c
-100015542 (base 6) to base 14
-31b090
What is -131132311302 (base 4) in base 10?
-7728498
6998a (base 13) to base 12
93686
Convert -112012121 (base 4) to base 10.
-90521
What is 218a805 (base 14) in base 8?
74617465
What is 1335405 (base 9) in base 3?
1101012110012
Convert 110100010110110011001000 (base 2) to base 8.
64266310
Convert 274649 (base 15) to base 12.
770750
What is 193993 (base 11) in base 12?
124558
What is -246711 (base 8) in base 11?
-59221
Convert 87842 (base 10) to base 4.
111130202
-1a9545 (base 12) to base 9
-800148
What is -1001010011111110 (base 2) in base 10?
-38142
20100221222 (base 4) to base 2
1000010000101001101010
Convert 536241 (base 7) to base 13.
336a5
Convert a9934 (base 14) to base 11.
2605a3
3130576 (base 9) to base 12
688589
-365623 (base 11) to base 13
-173369
What is 121110122200222 (base 3) in base 9?
17418628
-208b09b (base 12) to base 15
-819458
Convert -b11392 (base 12) to base 16.
-2a1dde
-1022122111021222 (base 3) to base 4
-1020101023202
-356650 (base 11) to base 6
-20040153
-103322210100 (base 4) to base 8
-23724420
Convert 1111110010110001 (base 2) to base 5.
4032224
100111001011111010 (base 2) to base 4
213023322
What is -40606604 (base 7) in base 10?
-3397370
What is -b5e4a (base 16) in base 11?
-469834
-1110011101110010111 (base 2) to base 7
-4012642
Convert 20613616 (base 7) to base 8.
6535161
What is 59406 (base 12) in base 8?
